f(x).
-5
Let s(f) = -31 + 3*f**2 + 63 - 8*f - 25 - 2*f**2. Give s(6).
-5
Let v(f) = f - 6. Let s(b) = -b + 5. Let k(m) = 5*s(m) + 4*v(m). Let p be k(5). Let x be (3 - 3) + 3 + p. Let u(c) = 7*c. Determine u(x).
-7
Suppose 5*p + p = 18. Let h(q) = -4*q - 8 + 4 + 4 + 3. Determine h(p).
-9
Let w(t) be the first derivative of -t**4/4 + 44*t - 179. Calculate w(0).
44
Let h = 11 - 9. Suppose -h*m = -1 + 3. Let t(u) = 17*u**3 + u**2. Calculate t(m).
-16
Let h(t) = 30 - 48 - t + 0*t. What is h(-10)?
-8
Let q(m) be the second derivative of m**5/20 + 3*m**4/4 + m**3 + 3*m**2 + 266*m. What is q(-6)?
78
Let l(k) = k**2 + k + 3. Let m be l(0). Let g(o) = 0 + 4*o**2 - o**2 + m + 4*o. Suppose 2*r + 33 - 8 = -3*f, -r = -3*f - 19. Determine g(r).
7
Let s(f) = -8*f - 11. Let n(a) = 6*a + 11. Let v(r) = -3*n(r) - 2*s(r). Calculate v(-8).
5
Let l(x) = 159*x - 33. Let c(m) = 60*m - 11. Let g(z) = 8*c(z) - 3*l(z). What is g(-5)?
-4
Let b(m) be the second derivative of 2*m**3 - m**2/2 - 36*m. Let v(u) = u**2 - 6*u + 6. Let g be v(5). Give b(g).
11
Let d(v) = 7*v**2 - 3*v - 1. Let i be d(-2). Let p be 187*(-6)/30 - 6/10. Let o = i + p. Let j(h) = -2*h**2 - 6*h + 7. What is j(o)?
-13
Let o(k) be the first derivative of -k**4/4 + 6*k**3 - 17*k**2/2 + 12*k - 389. Determine o(17).
12
Suppose -4*m + 0 - 4 = 0. Suppose 105 - 141 = -4*q. Let n(a) = 10 - q + 4*a - 2. Determine n(m).
-5
Let y(j) = -3*j**2 - 3*j - 1. Let i(w) = 8*w**2 + 6*w + 3. Let z(h) = -2*i(h) - 5*y(h). What is z(3)?
-1
Let z(i) = i**2 - 6*i - 10. Let s = 3 + 62. Let d = 73 - s. Give z(d).
6
Let u(a) = 10619 - 10619 - a + 9*a**3. Determine u(1).
8
Let i(o) = 32*o**3 - 15*o + 14*o + 16 - 33*o**3. What is i(0)?
16
Suppose 2*j + j - 12 = 0. Let x(k) = j*k + 0 - 3*k + 7. Let z be x(-12). Let f(c) = c**2 + 6*c + 4. Calculate f(z).
-1
Let f be (1*8)/(6/12). Let d be (1/(-2))/(3/(-42)). Suppose d*t - f = 3*t. Let s(r) = -2*r + 5. Calculate s(t).
-3
Let i(u) be the third derivative of -u**4/24 + 5*u**3/3 - u**2. Suppose 229*q + 60 = 239*q. Determine i(q).
4
Let j(s) = -2*s + 0 + 3 + 0. Let l be -8 + (-6 - ((-88)/8 - -4)). What is j(l)?
17
Let u(c) = c**3 + 3. Let x = -2 + 7. Let s(f) = f**3 - 6*f**2 + 5*f + 8. Let n be s(x). Suppose 3*q - n*q = 0. Calculate u(q).
3
Suppose -5*b = -2*q + 3, 11 = 4*b - 5*q + 10. Let x(h) = 20*h**3 + 2*h**2 + h. Determine x(b).
-19
Let r(t) be the third derivative of t**4/24 - 4*t**3/3 - 2*t**2. Let n = 8 - 0. Determine r(n).
0
Suppose 0 = 4*k + 5*s - 29, -65*s - 23 = 2*k - 70*s. Let i(m) be the third derivative of m**6/120 - m**4/24 - m**2. Calculate i(k).
0
Suppose -4*s - 1 = -17. Let r(h) be the first derivative of h**5/120 + h**4/6 + 3*h**3 + 14. Let m(u) be the third derivative of r(u). What is m(s)?
8
Let k(b) be the first derivative of -b**4/4 - 5*b**3/3 - 3*b**2/2 + 4*b - 2. Let i(a) = a**3 - 5*a**2 - 3*a + 11. Let d be i(5). What is k(d)?
0
Let m(l) be the third derivative of l**5/60 + 5*l**4/24 - 3*l**3/2 - 6*l**2. What is m(-6)?
-3
Let i(v) = -2*v**2 + 6*v - 1. Let b(y) = -4*y**2 + 13*y - 2. Let s(z) = -6*b(z) + 13*i(z). Give s(-1).
-3
Let x(q) be the third derivative of -q**5/60 + 3*q**4/8 - 11*q**3/6 + 66*q**2. What is x(8)?
-3
Let b(m) = 23*m**3 - 46*m**2 - 2. Let z(w) = 58*w**3 - 120*w**2 - 5. Let r(c) = -13*b(c) + 5*z(c). Suppose d = -3*d. Let t = d - -1. What is r(t)?
-10
Let t(h) be the first derivative of -15 + h + 3/2*h**2. Determine t(6).
19
Let h be (1 + 2)/(3/9). Suppose -h = -i - 6. Let b be (-17)/(-6) - i/(-18). Let z(k) = -k**3 + 4*k**2 - 2*k - 1. Determine z(b).
2
Let t(b) = 2*b - 1. Let f be (60/16)/((-3)/(-8)). Suppose 5*o = -0*o + f. Suppose -4*r - 2*x = -o*r - 16, 5*r = 2*x + 5. What is t(r)?
5
Let m be (288/336)/((-1)/14). Let p(w) = -w**2 - 12*w - 4. Determine p(m).
-4
Let y be (5 + 1)*(9 + -5). Let a(f) = 6*f - y*f + 7*f + 9 + 10*f. Determine a(5).
4
Let o(z) be the third derivative of 0 + 0*z - 16*z**2 + 1/24*z**4 + 1/6*z**3. What is o(8)?
9
Let f(m) = -m - 15. Let i be 16 - (-2 - -1*4). Suppose 6*n + 42 = 5*x + 2*n, 0 = -5*n - 15. Suppose -4*a + x*a + i = 0. Give f(a).
-8
Let q(h) = h**2 - 8*h + 9. Let x be q(7). Let c(b) be the third derivative of -1/2*b**3 + 5/24*b**4 + 0 + 5*b**2 + 0*b. Give c(x).
7
Let z(i) = -i**3 - 5*i**2 - 8*i - 2. Let n be z(-3). Let r(b) be the third derivative of 1/24*b**n - 2/3*b**3 + 0 + 0*b - 6*b**2. What is r(-4)?
-8
Let h be (-696)/120 + 1/(1 - 6). Let s(g) be the first derivative of g**4/4 + 5*g**3/3 - 4*g**2 - 7*g + 10. Determine s(h).
5
Let b be 0 - 0 - (0 + 3 - 4). Let u(g) = g + 13 - 1 - b. Calculate u(-8).
3
Let k(a) = -2*a**3 + 6*a**2 - 3*a + 10. Let c(b) = -b**3 + b. Let h(o) = 3*c(o) - k(o). Let g = -60 + 53. What is h(g)?
-3
Let m(h) = -4*h**2 + 7*h + 3. Let i(u) = 7*u - 7*u**2 + 0 + 5 + 0*u + 8*u. Let g(y) = 3*i(y) - 5*m(y). Calculate g(5).
25
Let s(c) = -c**2 + 2*c + 1 - 2*c - c. Let a = 10 - 12. Let o be -3 - -5 - a - 3. What is s(o)?
-1
Let f(z) = -7*z**3 - 4*z**2 - 6*z - 18. Let b(k) = k**3 + k**2 + k + 3. Let l(m) = -6*b(m) - f(m). Determine l(0).
0
Suppose -3*i + 10 = -5*u - 4, -4*i + 17 = -5*u. Let y be (6 + u)*18/15. Let s(m) = -m**3 + 7*m**2 - 6*m - 7. Calculate s(y).
-7
Let f(l) be the first derivative of l**3/6 + 7*l**2 - 13*l - 7. Let m(o) be the first derivative of f(o). Give m(0).
14
Let k(b) = 2*b + 10. Let f(i) = 2*i + 9. Let q(d) = 5*f(d) - 4*k(d). Let h(v) = -v + 4 - 1 - 5. Let a(n) = -7*h(n) - 3*q(n). What is a(-5)?
-6
Let x(b) be the first derivative of -b**4/4 - 3*b**3 - 3*b**2 + 9*b - 27. Calculate x(-8).
-7
Let j(r) = -r**3 + 8*r**2 - 3*r + 12. Suppose 3*z + 4*k - 16 = 0, -2*k = 4*z - 2*z - 12. Calculate j(z).
-12
Let v be 4/(-6)*9/1. Let y(l) = -23*l - 30*l - 2 - 28*l - 44*l + 129*l. Determine y(v).
-26
Let a(z) = -z**3 - 4*z**2 - z - 1. Let w = 33 + -37. Give a(w).
3
Let b(h) = h**3 - 2*h**2 - 3*h + 3. Let c(w) = w**2 - 16*w - 19. Let a be c(17). Let j be 792/(-55) - a/5. Let s be 4/(-9)*63/j. Give b(s).
-3
Suppose p - 10 = -5. Let m(a) be the second derivative of -a**3/6 + 3*a**2 - 4*a. Calculate m(p).
1
Let h = 314 + -318. Let w(s) = s**3 + 5*s**2 + 3*s + 3. Calculate w(h).
7
Let q be 161/(-46) - (-39)/6. Let o(z) = -4*z + 2. Give o(q).
-10
Let c(p) be the third derivative of -p**4/24 + p**3/3 + 2*p**2. Suppose 3*l - 5*q - 12 = 0, 4*q - 12 = -3*l + 6*q. Suppose -l*m = -1 + 25. Give c(m).
8
Let v(g) = -1. Let y(x) = -x**2 + 2*x. Let t(l) = 6*v(l) - y(l). Let n be (-6 - -1)/(-2 - -1). Give t(n).
9
Let h(n) = n**2 - 7*n. Let a = 1592 + -1586. What is h(a)?
-6
Let j(h) = -h**3 + 4*h**2 + 7. Let f = 133 + -127. Give j(f).
-65
Let u = 3 - 3. Let i(c) = -5*c**2 - 10 + 6*c**2 + c**3 - 21*c + 20*c. Calculate i(u).
-10
Let u(r) = -14 + 5 + 5 - 4*r**2 - r**3. What is u(-4)?
-4
Let b(x) = -x**2 - x - 1. Let a(y) be the first derivative of -7*y**4/4 + 4*y**3/3 + 2*y**2 + 5*y - 7. Let q(o) = -a(o) - 4*b(o). Determine q(1).
6
Let b = 3 - -3. Suppose b = -2*q - 6. Let m(x) be the second derivative of -x**4/12 - 5*x**3/6 + 3*x**2 + x. What is m(q)?
0
Let h(o) = o**2 + o - 1. Let d = -5 + 104. Let i = 97 - d. Calculate h(i).
1
Let a(p) be the second derivative of 4*p**3/3 - 114*p. Give a(1).
8
Suppose 361 = 11*h - 134. Let p(g) = -h*g - 49*g + 95*g. What is p(-3)?
-3
Let g(a) be the third derivative of a**5/60 + 7*a**4/24 + a**3/2 + 30*a**2. Suppose 3*x + x = 2*l - 20, x - 2*l + 11 = 0. Determine g(x).
-9
Let r be (-37 - 3/(-1))/1. Let h = r - -37. Let s(o) = o**2 + o - 4. Determine s(h).
8
Let w = -83 + 87. Let z(h) = h. Let u(t) = 6*t + 1. Let k(y) = 30*y + 4. Let x(o) = 2*k(o) - 11*u(o). Let m(q) = -2*x(q) - 14*z(q). Give m(w).
-2
Let h(r) = -6*r - 14*r + 6*r - 3 - 7*r. Calculate h(2).
-45
Let i(x) = x**3 - x**2 - 5*x + 2. Let b be i(3). Suppose -9*l + 4*l + b = 0. Let a(u) = 8*u**3 - 1. Calculate a(l).
7
Let l(d) = d**3 - 7*d**2 - 1. Suppose -7*w + 50 = 1. Determine l(w).
-1
Let s = 7 + -12. Let p = s - -6. Let v = p - 6. Let a(r) = -2*r - 2. What is a(v)?
8
Let h(t) = -2*t + 2. Let m be (-10)/5 + (4 - 4). Give h(m).
6
Let j(m) = 13 + 6 + 3*m - 5*m - m + 4*m. Calculate j(-15).
4
Suppose z + 33 = -3*t, 3*t - 2*t - 3*z = -1. Let a(l) = l**3 + 11*l**2 + 7*l - 24. Determine a(t).
6
Let d(n) = 5*n**3 - 5*n**2 + n - 3. Let p(w) = 7*w**3 - 6*w**2 - 4. Let s(v) = 4*d(v) - 3*p(v). Determine s(-3).